{"id":47,"date":"2019-03-20T15:53:36","date_gmt":"2019-03-20T14:53:36","guid":{"rendered":"http:\/\/127.0.0.3:8080\/?page_id=47"},"modified":"2019-03-27T17:23:35","modified_gmt":"2019-03-27T17:23:35","slug":"service-presse","status":"publish","type":"page","link":"https:\/\/www.vfb-hochneukirch.de\/?page_id=47","title":{"rendered":"St@y connected"},"content":{"rendered":"\n<p><strong>Kooperation und Partnerschaft als Mehrwert f\u00fcr Vereine und Einrichtungen<\/strong><\/p>\n\n\n\n<p>Vereine mit Kooperationen haben viele Vorteile. Sie haben u. a. die M\u00f6glichkeit:<br>&#8211; der Gewinnung neuer Mitglieder<br>&#8211; der Gewinnung neuer Ehrenamtlicher verschiedenen Alters<br>&#8211; der Bindung von Kindern, Jugendlichen und Eltern an die Vereine<br>&#8211; des positiven Imagegewinns<br>&#8211; der Vergr\u00f6\u00dferung der Angebotspalette durch B\u00fcndelung der Kompetenzen und Ressourcen<br>&#8211; der Sicherung der Infrastruktur durch gemeinsame Nutzung von Sportst\u00e4tten<br>&#8211; usw.<br><\/p>\n\n\n\n<p>Kooperationsf\u00e4higkeit bedeutet Zukunftsf\u00e4higkeit \u2013 mit diesem Leitmotiv blickt der VfB in die Zukunft. Dar\u00fcberhinaus unterstreicht diese Initiative die gro\u00dfe Bedeutung, die der VfB bei der Vernetzung von Sportvereinen und anderen Einrichtungen aus dem Ort in der Zukunft sieht.<\/p>\n\n\n\n<p>Die ersten Schritte wurden bereits get\u00e4tigt. Mit dem Freundeskreis und dem neu gegr\u00fcndeten F\u00f6rderverein hat der VfB zwei starke Partner an seiner Seite. <\/p>\n","protected":false},"excerpt":{"rendered":"<p>Kooperation und Partnerschaft als Mehrwert f\u00fcr Vereine und Einrichtungen Vereine mit Kooperationen haben viele Vorteile. Sie haben u. a. die M\u00f6glichkeit:&#8211; der Gewinnung neuer Mitglieder&#8211; der Gewinnung neuer Ehrenamtlicher verschiedenen [&hellip;]<\/p>\n","protected":false},"author":3,"featured_media":0,"parent":0,"menu_order":0,"comment_status":"closed","ping_status":"closed","template":"","meta":{"footnotes":""},"class_list":["post-47","page","type-page","status-publish","hentry"],"_links":{"self":[{"href":"https:\/\/www.vfb-hochneukirch.de\/index.php?rest_route=\/wp\/v2\/pages\/47","targetHints":{"allow":["GET"]}}],"collection":[{"href":"https:\/\/www.vfb-hochneukirch.de\/index.php?rest_route=\/wp\/v2\/pages"}],"about":[{"href":"https:\/\/www.vfb-hochneukirch.de\/index.php?rest_route=\/wp\/v2\/types\/page"}],"author":[{"embeddable":true,"href":"https:\/\/www.vfb-hochneukirch.de\/index.php?rest_route=\/wp\/v2\/users\/3"}],"replies":[{"embeddable":true,"href":"https:\/\/www.vfb-hochneukirch.de\/index.php?rest_route=%2Fwp%2Fv2%2Fcomments&post=47"}],"version-history":[{"count":0,"href":"https:\/\/www.vfb-hochneukirch.de\/index.php?rest_route=\/wp\/v2\/pages\/47\/revisions"}],"wp:attachment":[{"href":"https:\/\/www.vfb-hochneukirch.de\/index.php?rest_route=%2Fwp%2Fv2%2Fmedia&parent=47"}],"curies":[{"name":"wp","href":"https:\/\/api.w.org\/{rel}","templated":true}]}}